{"id":5173,"date":"2022-07-19T16:12:39","date_gmt":"2022-07-19T20:12:39","guid":{"rendered":"https:\/\/welcomingottawaweek.ca\/?page_id=5173"},"modified":"2022-07-19T16:25:06","modified_gmt":"2022-07-19T20:25:06","slug":"carl-nicholson-recoit-le-prix-special-dambassadeur-daccueil-a-ottawa","status":"publish","type":"page","link":"https:\/\/welcomingottawaweek.ca\/fr\/carl-nicholson-recoit-le-prix-special-dambassadeur-daccueil-a-ottawa\/","title":{"rendered":"Carl Nicholson re\u00e7oit le Prix sp\u00e9cial d&rsquo;Ambassadeur d\u2019accueil \u00e0 Ottawa"},"content":{"rendered":"\t\t<div data-elementor-type=\"wp-page\" data-elementor-id=\"5173\" class=\"elementor elementor-5173 elementor-5157\" data-elementor-post-type=\"page\">\n\t\t\t\t\t\t<section class=\"elementor-section elementor-top-section elementor-element elementor-element-999dc13 elementor-section-boxed elementor-section-height-default elementor-section-height-default\" data-id=\"999dc13\" data-element_type=\"section\" data-e-type=\"section\">\n\t\t\t\t\t\t<div class=\"elementor-container elementor-column-gap-default\">\n\t\t\t\t\t<div class=\"elementor-column elementor-col-100 elementor-top-column elementor-element elementor-element-d4e9575\" data-id=\"d4e9575\" data-element_type=\"column\" data-e-type=\"column\">\n\t\t\t<div class=\"elementor-widget-wrap elementor-element-populated\">\n\t\t\t\t\t\t<div class=\"elementor-element elementor-element-faa90a7 elementor-widget elementor-widget-spacer\" data-id=\"faa90a7\" data-element_type=\"widget\" data-e-type=\"widget\" data-widget_type=\"spacer.default\">\n\t\t\t\t<div class=\"elementor-widget-container\">\n\t\t\t\t\t\t\t<div class=\"elementor-spacer\">\n\t\t\t<div class=\"elementor-spacer-inner\"><\/div>\n\t\t<\/div>\n\t\t\t\t\t\t<\/div>\n\t\t\t\t<\/div>\n\t\t\t\t<section class=\"elementor-section elementor-inner-section elementor-element elementor-element-692a308 elementor-section-boxed elementor-section-height-default elementor-section-height-default\" data-id=\"692a308\" data-element_type=\"section\" data-e-type=\"section\">\n\t\t\t\t\t\t<div class=\"elementor-container elementor-column-gap-default\">\n\t\t\t\t\t<div class=\"elementor-column elementor-col-100 elementor-inner-column elementor-element elementor-element-344b5b4\" data-id=\"344b5b4\" data-element_type=\"column\" data-e-type=\"column\">\n\t\t\t<div class=\"elementor-widget-wrap elementor-element-populated\">\n\t\t\t\t\t\t<div class=\"elementor-element elementor-element-a40163f elementor-widget elementor-widget-heading\" data-id=\"a40163f\" data-element_type=\"widget\" data-e-type=\"widget\" data-widget_type=\"heading.default\">\n\t\t\t\t<div class=\"elementor-widget-container\">\n\t\t\t\t\t<h2 class=\"elementor-heading-title elementor-size-default\">Carl Nicholson<\/h2>\t\t\t\t<\/div>\n\t\t\t\t<\/div>\n\t\t\t\t<div class=\"elementor-element elementor-element-ac517e7 elementor-widget elementor-widget-heading\" data-id=\"ac517e7\" data-element_type=\"widget\" data-e-type=\"widget\" data-widget_type=\"heading.default\">\n\t\t\t\t<div class=\"elementor-widget-container\">\n\t\t\t\t\t<h3 class=\"elementor-heading-title elementor-size-default\">Carl Nicholson re\u00e7oit le Prix sp\u00e9cial d'Ambassadeur d\u2019accueil \u00e0 Ottawa\n\n<\/h3>\t\t\t\t<\/div>\n\t\t\t\t<\/div>\n\t\t\t\t<div class=\"elementor-element elementor-element-35483c7 elementor-widget elementor-widget-spacer\" data-id=\"35483c7\" data-element_type=\"widget\" data-e-type=\"widget\" data-widget_type=\"spacer.default\">\n\t\t\t\t<div class=\"elementor-widget-container\">\n\t\t\t\t\t\t\t<div class=\"elementor-spacer\">\n\t\t\t<div class=\"elementor-spacer-inner\"><\/div>\n\t\t<\/div>\n\t\t\t\t\t\t<\/div>\n\t\t\t\t<\/div>\n\t\t\t\t\t<\/div>\n\t\t<\/div>\n\t\t\t\t\t<\/div>\n\t\t<\/section>\n\t\t\t\t<section class=\"elementor-section elementor-inner-section elementor-element elementor-element-f870c2c elementor-section-boxed elementor-section-height-default elementor-section-height-default\" data-id=\"f870c2c\" data-element_type=\"section\" data-e-type=\"section\">\n\t\t\t\t\t\t<div class=\"elementor-container elementor-column-gap-default\">\n\t\t\t\t\t<div class=\"elementor-column elementor-col-100 elementor-inner-column elementor-element elementor-element-635eaf5\" data-id=\"635eaf5\" data-element_type=\"column\" data-e-type=\"column\">\n\t\t\t<div class=\"elementor-widget-wrap elementor-element-populated\">\n\t\t\t\t\t\t<div class=\"elementor-element elementor-element-debbca8 elementor-widget elementor-widget-text-editor\" data-id=\"debbca8\" data-element_type=\"widget\" data-e-type=\"widget\" data-widget_type=\"text-editor.default\">\n\t\t\t\t<div class=\"elementor-widget-container\">\n\t\t\t\t\t\t\t\t\t<p><img decoding=\"async\" class=\"wp-image-5145 size-full alignleft\" src=\"https:\/\/welcomingottawaweek.ca\/wp-content\/uploads\/2022\/07\/Carl-Nicholson-photo-182x249-1.jpg\" alt=\"\" width=\"182\" height=\"249\"><\/p>\n<p>Depuis plus de 50 ans, Carl Nicholson est un homme avec une mission. Selon ses propres mots, \u00ab je suis pouss\u00e9 \u00e0 construire un monde meilleur \u00bb.<\/p>\n<p>Selon toute vraisemblance, il a r\u00e9ussi \u00e0 accomplir cette t\u00e2che avec beaucoup de succ\u00e8s. <\/p>\n<p>Depuis son arriv\u00e9e au Centre catholique pour immigrants en tant que directeur ex\u00e9cutif en 1994, Carl est synonyme d&rsquo;\u00e9tablissement des nouveaux arrivants \u00e0 Ottawa.<\/p>\n<p>Gr\u00e2ce \u00e0 son travail acharn\u00e9 et \u00e0 son leadership, il a \u00e9labor\u00e9 de nouvelles approches et de nouveaux programmes qui ont aid\u00e9 des dizaines de milliers d&rsquo;immigrants et de r\u00e9fugi\u00e9s pendant pr\u00e8s de trois d\u00e9cennies.<\/p>\n<p>Gr\u00e2ce \u00e0 son \u00e9nergie et \u00e0 son engagement, le Centre Bruy\u00e8re pour immigrants, situ\u00e9 au 219, rue Argyle, est devenu un centre de services aux immigrants reconnu et une lueur d&rsquo;espoir pour de nombreux nouveaux arrivants pendant plusieurs d\u00e9cennies.<\/p>\n<p>Le Centre catholique pour immigrants a \u00e9t\u00e9 \u00e0 l&rsquo;origine de la cr\u00e9ation d&rsquo;une maison d&rsquo;accueil pour les r\u00e9fugi\u00e9s \u00e0 Ottawa en 1988 &#8211; la Maison Sophia. Deux d\u00e9cennies plus tard, en 2018, alors qu&rsquo;Ottawa recevait de nombreux r\u00e9fugi\u00e9s et que les pressions en mati\u00e8re de logement devenaient un obstacle majeur, Carl a contribu\u00e9 \u00e0 la cr\u00e9ation d&rsquo;un deuxi\u00e8me logement de transition \u00e0 Ottawa \u2013 la Welcome House.<\/p>\n<p>Dipl\u00f4m\u00e9 de l&rsquo;Universit\u00e9 de Carleton et collecteur de fonds certifi\u00e9, il a occup\u00e9 pendant plus de 40 ans des postes de direction dans le secteur sans but lucratif et g\u00e8re avec succ\u00e8s sa propre entreprise de collecte de fonds et de conseil en gestion depuis 1989.<\/p>\n<p>La mission ne s&rsquo;arr\u00eate pas l\u00e0. Carl a \u00e9t\u00e9 un d\u00e9fenseur infatigable de plusieurs organisations \u00e0 but non lucratif et de services aux immigrants, contribuant souvent \u00e0 les fonder, les diriger ou les pr\u00e9sider. Il est, par exemple, fondateur et membre de Local Agencies Serving Immigrants (LASI).<\/p>\n<p>Il a si\u00e9g\u00e9 aux conseils d&rsquo;administration, aux comit\u00e9s et aux groupes consultatifs de nombreux organismes et groupes de pression, notamment la Capital Community Credit Union, Local Agencies Serving Immigrants, l&rsquo;Ontario Council of Agencies Serving Immigrants, le Community and Police Action Committee, le Conseil du partenariat local pour l&rsquo;immigration d&rsquo;Ottawa, le Comit\u00e9 consultatif de l&rsquo;Agence des services frontaliers du Canada, le Comit\u00e9 ex\u00e9cutif du Conseil des ressources humaines du secteur b\u00e9n\u00e9vole, la Commission de services policiers d&rsquo;Ottawa, Save the Children, le Conseil national de l&rsquo;\u00e9tablissement et le Comit\u00e9 consultatif du sous-ministre d&rsquo;Immigration, R\u00e9fugi\u00e9s et Citoyennet\u00e9 Canada.<\/p>\n<p>Le sens du service de Carl est venu de la Jama\u00efque avec lui au Canada lorsqu&rsquo;il a \u00e9migr\u00e9 en 1966. Il a rapidement \u00e9t\u00e9 embauch\u00e9 par Canadian University Students Overseas (CUSO) pour placer des volontaires et coordonner des projets d&rsquo;aide &#8211; allant du forage de puits d&rsquo;eau \u00e0 l&rsquo;enseignement de techniques agricoles modernes &#8211; dans des pays comme le Togo, le Nigeria et le Ghana, travaillant soit dans le pays, soit \u00e0 partir de sa base \u00e0 Ottawa. Il a toujours des liens avec l&rsquo;Afrique gr\u00e2ce \u00e0 sa participation b\u00e9n\u00e9vole \u00e0 Watercan, qui fournit de l&rsquo;eau potable et des services d&rsquo;hygi\u00e8ne \u00e0 trois pays d&rsquo;Afrique de l&rsquo;Est.<\/p>\n<p>Ce travail n&rsquo;est pas pass\u00e9 inaper\u00e7u. Carl a re\u00e7u de nombreuses distinctions pour ses efforts visant \u00e0 construire un monde meilleur.<\/p>\n<p>Pour n&rsquo;en citer que quelques-unes : En 2004, il a re\u00e7u le prix \u00ab Investing in People \u00bb de la Fondation communautaire d&rsquo;Ottawa. La m\u00eame ann\u00e9e, l&rsquo;archidioc\u00e8se catholique romain d&rsquo;Ottawa lui a d\u00e9cern\u00e9 l&rsquo;Ordre du m\u00e9rite dioc\u00e9sain. Le National Institute of Jamaican Canadians lui a remis son prix Lignum Vitae en 2007. En 2008, le Conseil de planification sociale d&rsquo;Ottawa a d\u00e9cern\u00e9 \u00e0 Carl le prix Marion Dewar Defender of the Public Good. En 2011, il a re\u00e7u le Ottawa Community Leadership Award en l&rsquo;honneur de Martin Luther King de l&rsquo;organisation Dream Keepers. Plus r\u00e9cemment, il a \u00e9t\u00e9 investi de l&rsquo;Ordre d&rsquo;Ottawa par la Ville d&rsquo;Ottawa. En 2018, le Coll\u00e8ge Algonquin lui a d\u00e9cern\u00e9 un dipl\u00f4me honorifique.<\/p><p>Carl attribue \u00e0 ses parents et \u00e0 son h\u00e9ritage chr\u00e9tien le m\u00e9rite d&rsquo;avoir inculqu\u00e9 son sens du devoir. \u00ab J&rsquo;ai appris de mes parents qu&rsquo;il y a du plaisir \u00e0 provoquer de bonnes choses pour les autres \u00bb.<\/p>\t\t\t\t\t\t\t\t<\/div>\n\t\t\t\t<\/div>\n\t\t\t\t\t<\/div>\n\t\t<\/div>\n\t\t\t\t\t<\/div>\n\t\t<\/section>\n\t\t\t\t\t<\/div>\n\t\t<\/div>\n\t\t\t\t\t<\/div>\n\t\t<\/section>\n\t\t\t\t<\/div>\n\t\t","protected":false},"excerpt":{"rendered":"<p>Carl Nicholson Carl Nicholson re\u00e7oit le Prix sp\u00e9cial d&rsquo;Ambassadeur d\u2019accueil \u00e0 Ottawa Depuis plus de 50 ans, Carl Nicholson est un homme avec une mission. Selon ses propres mots, \u00ab je suis pouss\u00e9 \u00e0  [&#8230;]<\/p>\n","protected":false},"author":2,"featured_media":0,"parent":0,"menu_order":0,"comment_status":"closed","ping_status":"closed","template":"","meta":{"footnotes":""},"class_list":["post-5173","page","type-page","status-publish","hentry"],"_links":{"self":[{"href":"https:\/\/welcomingottawaweek.ca\/fr\/wp-json\/wp\/v2\/pages\/5173","targetHints":{"allow":["GET"]}}],"collection":[{"href":"https:\/\/welcomingottawaweek.ca\/fr\/wp-json\/wp\/v2\/pages"}],"about":[{"href":"https:\/\/welcomingottawaweek.ca\/fr\/wp-json\/wp\/v2\/types\/page"}],"author":[{"embeddable":true,"href":"https:\/\/welcomingottawaweek.ca\/fr\/wp-json\/wp\/v2\/users\/2"}],"replies":[{"embeddable":true,"href":"https:\/\/welcomingottawaweek.ca\/fr\/wp-json\/wp\/v2\/comments?post=5173"}],"version-history":[{"count":0,"href":"https:\/\/welcomingottawaweek.ca\/fr\/wp-json\/wp\/v2\/pages\/5173\/revisions"}],"wp:attachment":[{"href":"https:\/\/welcomingottawaweek.ca\/fr\/wp-json\/wp\/v2\/media?parent=5173"}],"curies":[{"name":"wp","href":"https:\/\/api.w.org\/{rel}","templated":true}]}}

Carl Nicholson reçoit le Prix spécial d&rsquo;Ambassadeur d’accueil à Ottawa

<div data-elementor-type="wp-page" data-elementor-id="5173" class="elementor elementor-5173 elementor-5157" data-elementor-post-type="page">
						<section class="elementor-section elementor-top-section elementor-element elementor-element-999dc13 elementor-section-boxed elementor-section-height-default elementor-section-height-default" data-id="999dc13" data-element_type="section" data-e-type="section">
						<div class="elementor-container elementor-column-gap-default">
					<div class="elementor-column elementor-col-100 elementor-top-column elementor-element elementor-element-d4e9575" data-id="d4e9575" data-element_type="column" data-e-type="column">
			<div class="elementor-widget-wrap elementor-element-populated">
						<div class="elementor-element elementor-element-faa90a7 elementor-widget elementor-widget-spacer" data-id="faa90a7" data-element_type="widget" data-e-type="widget" data-widget_type="spacer.default">
				<div class="elementor-widget-container">
							<div class="elementor-spacer">
			<div class="elementor-spacer-inner"></div>
		</div>
						</div>
				</div>
				<section class="elementor-section elementor-inner-section elementor-element elementor-element-692a308 elementor-section-boxed elementor-section-height-default elementor-section-height-default" data-id="692a308" data-element_type="section" data-e-type="section">
						<div class="elementor-container elementor-column-gap-default">
					<div class="elementor-column elementor-col-100 elementor-inner-column elementor-element elementor-element-344b5b4" data-id="344b5b4" data-element_type="column" data-e-type="column">
			<div class="elementor-widget-wrap elementor-element-populated">
						<div class="elementor-element elementor-element-a40163f elementor-widget elementor-widget-heading" data-id="a40163f" data-element_type="widget" data-e-type="widget" data-widget_type="heading.default">
				<div class="elementor-widget-container">
					<h2 class="elementor-heading-title elementor-size-default">Carl Nicholson</h2>				</div>
				</div>
				<div class="elementor-element elementor-element-ac517e7 elementor-widget elementor-widget-heading" data-id="ac517e7" data-element_type="widget" data-e-type="widget" data-widget_type="heading.default">
				<div class="elementor-widget-container">
					<h3 class="elementor-heading-title elementor-size-default">Carl Nicholson reçoit le Prix spécial d'Ambassadeur d’accueil à Ottawa

</h3>				</div>
				</div>
				<div class="elementor-element elementor-element-35483c7 elementor-widget elementor-widget-spacer" data-id="35483c7" data-element_type="widget" data-e-type="widget" data-widget_type="spacer.default">
				<div class="elementor-widget-container">
							<div class="elementor-spacer">
			<div class="elementor-spacer-inner"></div>
		</div>
						</div>
				</div>
					</div>
		</div>
					</div>
		</section>
				<section class="elementor-section elementor-inner-section elementor-element elementor-element-f870c2c elementor-section-boxed elementor-section-height-default elementor-section-height-default" data-id="f870c2c" data-element_type="section" data-e-type="section">
						<div class="elementor-container elementor-column-gap-default">
					<div class="elementor-column elementor-col-100 elementor-inner-column elementor-element elementor-element-635eaf5" data-id="635eaf5" data-element_type="column" data-e-type="column">
			<div class="elementor-widget-wrap elementor-element-populated">
						<div class="elementor-element elementor-element-debbca8 elementor-widget elementor-widget-text-editor" data-id="debbca8" data-element_type="widget" data-e-type="widget" data-widget_type="text-editor.default">
				<div class="elementor-widget-container">
									<p><img decoding="async" class="wp-image-5145 size-full alignleft" src="https://welcomingottawaweek.ca/wp-content/uploads/2022/07/Carl-Nicholson-photo-182x249-1.jpg" alt="" width="182" height="249"></p>
<p>Depuis plus de 50 ans, Carl Nicholson est un homme avec une mission. Selon ses propres mots, « je suis poussé à construire un monde meilleur ».</p>
<p>Selon toute vraisemblance, il a réussi à accomplir cette tâche avec beaucoup de succès. </p>
<p>Depuis son arrivée au Centre catholique pour immigrants en tant que directeur exécutif en 1994, Carl est synonyme d&rsquo;établissement des nouveaux arrivants à Ottawa.</p>
<p>Grâce à son travail acharné et à son leadership, il a élaboré de nouvelles approches et de nouveaux programmes qui ont aidé des dizaines de milliers d&rsquo;immigrants et de réfugiés pendant près de trois décennies.</p>
<p>Grâce à son énergie et à son engagement, le Centre Bruyère pour immigrants, situé au 219, rue Argyle, est devenu un centre de services aux immigrants reconnu et une lueur d&rsquo;espoir pour de nombreux nouveaux arrivants pendant plusieurs décennies.</p>
<p>Le Centre catholique pour immigrants a été à l&rsquo;origine de la création d&rsquo;une maison d&rsquo;accueil pour les réfugiés à Ottawa en 1988 &#8211; la Maison Sophia. Deux décennies plus tard, en 2018, alors qu&rsquo;Ottawa recevait de nombreux réfugiés et que les pressions en matière de logement devenaient un obstacle majeur, Carl a contribué à la création d&rsquo;un deuxième logement de transition à Ottawa – la Welcome House.</p>
<p>Diplômé de l&rsquo;Université de Carleton et collecteur de fonds certifié, il a occupé pendant plus de 40 ans des postes de direction dans le secteur sans but lucratif et gère avec succès sa propre entreprise de collecte de fonds et de conseil en gestion depuis 1989.</p>
<p>La mission ne s&rsquo;arrête pas là. Carl a été un défenseur infatigable de plusieurs organisations à but non lucratif et de services aux immigrants, contribuant souvent à les fonder, les diriger ou les présider. Il est, par exemple, fondateur et membre de Local Agencies Serving Immigrants (LASI).</p>
<p>Il a siégé aux conseils d&rsquo;administration, aux comités et aux groupes consultatifs de nombreux organismes et groupes de pression, notamment la Capital Community Credit Union, Local Agencies Serving Immigrants, l&rsquo;Ontario Council of Agencies Serving Immigrants, le Community and Police Action Committee, le Conseil du partenariat local pour l&rsquo;immigration d&rsquo;Ottawa, le Comité consultatif de l&rsquo;Agence des services frontaliers du Canada, le Comité exécutif du Conseil des ressources humaines du secteur bénévole, la Commission de services policiers d&rsquo;Ottawa, Save the Children, le Conseil national de l&rsquo;établissement et le Comité consultatif du sous-ministre d&rsquo;Immigration, Réfugiés et Citoyenneté Canada.</p>
<p>Le sens du service de Carl est venu de la Jamaïque avec lui au Canada lorsqu&rsquo;il a émigré en 1966. Il a rapidement été embauché par Canadian University Students Overseas (CUSO) pour placer des volontaires et coordonner des projets d&rsquo;aide &#8211; allant du forage de puits d&rsquo;eau à l&rsquo;enseignement de techniques agricoles modernes &#8211; dans des pays comme le Togo, le Nigeria et le Ghana, travaillant soit dans le pays, soit à partir de sa base à Ottawa. Il a toujours des liens avec l&rsquo;Afrique grâce à sa participation bénévole à Watercan, qui fournit de l&rsquo;eau potable et des services d&rsquo;hygiène à trois pays d&rsquo;Afrique de l&rsquo;Est.</p>
<p>Ce travail n&rsquo;est pas passé inaperçu. Carl a reçu de nombreuses distinctions pour ses efforts visant à construire un monde meilleur.</p>
<p>Pour n&rsquo;en citer que quelques-unes : En 2004, il a reçu le prix « Investing in People » de la Fondation communautaire d&rsquo;Ottawa. La même année, l&rsquo;archidiocèse catholique romain d&rsquo;Ottawa lui a décerné l&rsquo;Ordre du mérite diocésain. Le National Institute of Jamaican Canadians lui a remis son prix Lignum Vitae en 2007. En 2008, le Conseil de planification sociale d&rsquo;Ottawa a décerné à Carl le prix Marion Dewar Defender of the Public Good. En 2011, il a reçu le Ottawa Community Leadership Award en l&rsquo;honneur de Martin Luther King de l&rsquo;organisation Dream Keepers. Plus récemment, il a été investi de l&rsquo;Ordre d&rsquo;Ottawa par la Ville d&rsquo;Ottawa. En 2018, le Collège Algonquin lui a décerné un diplôme honorifique.</p><p>Carl attribue à ses parents et à son héritage chrétien le mérite d&rsquo;avoir inculqué son sens du devoir. « J&rsquo;ai appris de mes parents qu&rsquo;il y a du plaisir à provoquer de bonnes choses pour les autres ».</p>								</div>
				</div>
					</div>
		</div>
					</div>
		</section>
					</div>
		</div>
					</div>
		</section>
				</div>

<p>Carl Nicholson Carl Nicholson reçoit le Prix spécial d&rsquo;Ambassadeur d’accueil à Ottawa Depuis plus de 50 ans, Carl Nicholson est un homme avec une mission. Selon ses propres mots, « je suis poussé à  [&#8230;]</p>
